ided by 263?
31
What is the remainder when 40914 is divided by 562?
450
Calculate the remainder when 596 is divided by 200.
196
Calculate the remainder when 69462 is divided by 119.
85
What is the remainder when 8656 is divided by 6640?
2016
What is the remainder when 476535 is divided by 158840?
15
What is the remainder when 79688 is divided by 14?
0
Calculate the remainder when 25245 is divided by 96.
93
Calculate the remainder when 2182 is divided by 1057.
68
Calculate the remainder when 6093 is divided by 228.
165
What is the remainder when 1553 is divided by 534?
485
Calculate the remainder when 21254 is divided by 574.
16
Calculate the remainder when 88171 is divided by 138.
127
What is the remainder when 288998 is divided by 3?
2
What is the remainder when 436499 is divided by 15?
14
Calculate the remainder when 55247 is divided by 277.
124
Calculate the remainder when 14076 is divided by 210.
6
What is the remainder when 4569 is divided by 215?
54
Calculate the remainder when 18878 is divided by 1716.
2
Calculate the remainder when 3636 is divided by 393.
99
Calculate the remainder when 16873 is divided by 51.
43
Calculate the remainder when 82666 is divided by 27548.
22
Calculate the remainder when 4929 is divided by 210.
99
What is the remainder when 132139 is divided by 535?
529
Calculate the remainder when 5711 is divided by 5697.
14
Calculate the remainder when 20532 is divided by 17.
13
What is the remainder when 14353 is divided by 80?
33
Calculate the remainder when 3568 is divided by 103.
66
Calculate the remainder when 1610511 is divided by 131.
128
Calculate the remainder when 39737 is divided by 39485.
252
Calculate the remainder when 800 is divided by 251.
47
Calculate the remainder when 13458 is divided by 257.
94
Calculate the remainder when 20088 is divided by 283.
278
Calculate the remainder when 21432 is divided by 15.
12
Calculate the remainder when 2023 is divided by 952.
119
What is the remainder when 920292 is divided by 45?
42
Calculate the remainder when 8054 is divided by 58.
50
What is the remainder when 14316 is divided by 5?
1
Calculate the remainder when 94708 is divided by 41.
39
Calculate the remainder when 4043 is divided by 655.
113
What is the remainder when 2334 is divided by 27?
12
What is the remainder when 12390 is divided by 47?
29
What is the remainder when 335 is divided by 252?
83
Calculate the remainder when 27125 is divided by 22.
21
What is the remainder when 2898 is divided by 601?
494
Calculate the remainder when 2944 is divided by 44.
40
What is the remainder when 99357 is divided by 13?
11
What is the remainder when 44400 is divided by 151?
6
Calculate the remainder when 948 is divided by 237.
0
What is the remainder when 14149 is divided by 4710?
19
What is the remainder when 507 is divided by 78?
39
Calculate the remainder when 32137 is divided by 1112.
1001
What is the remainder when 340194 is divided by 371?
358
Calculate the remainder when 1324 is divided by 35.
29
Calculate the remainder when 5166 is divided by 34.
32
Calculate the remainder when 9248 is divided by 1306.
106
Calculate the remainder when 139428 is divided by 191.
189
Calculate the remainder when 10792 is divided by 3.
1
Calculate the remainder when 2688 is divided by 2665.
23
What is the remainder when 256799 is divided by 14?
11
What is the remainder when 2163 is divided by 703?
54
What is the remainder when 52619 is divided by 52604?
15
Calculate the remainder when 25076 is divided by 1050.
926
Calculate the remainder when 6227 is divided by 163.
33
What is the remainder when 9442 is divided by 24?
10
Calculate the remainder when 389868 is divided by 112.
108
What is the remainder when 26742 is divided by 273?
261
What is the remainder when 165621 is divided by 693?
687
What is the remainder when 34636 is divided by 8?
4
What is the remainder when 29204 is divided by 176?
164
Calculate the remainder when 8741 is divided by 2847.
200
What is the remainder when 631 is divided by 613?
18
What is the remainder when 55643 is divided by 12?
11
Calculate the remainder when 4805 is divided by 1601.
2
Calculate the remainder when 187791 is divided by 266.
261
What is the remainder when 14015 is divided by 230?
215
What is the remainder when 44218 is divided by 1694?
174
Calculate the remainder when 2014 is divided by 168.
166
Calculate the remainder when 148 is divided by 147.
1
Calculate the remainder when 1702 is divided by 245.
232
Calculate the remainder when 1713506 is divided by 395.
391
What is the remainder when 6370 is divided by 28?
14
What is the remainder when 13973 is divided by 229?
4
Calculate the remainder when 3792466 is divided by 178.
176
Calculate the remainder when 84864 is divided by 94.
76
Calculate the remainder when 18828 is divided by 387.
252
What is the remainder when 121672 is divided by 155?
152
What is the remainder when 345075 is divided by 65?
55
Calculate the remainder when 16015 is divided by 321.
286
What is the remainder when 2454 is divided by 39?
36
Calculate the remainder when 37740 is divided by 52.
40
What is the remainder when 16201 is divided by 1612?
81
Calculate the remainder when 1377 is divided by 46.
43
What is the remainder when 6148 is divided by 161?
30
What is the remainder when 172850 is divided by 86424?
2
Calculate the remainder when 288372 is divided by 75.
72
What is the remainder when 911 is divided by 280?
71
Calculate the remainder when 18608 is divided by 9296.
16
What is the remainder when 9881 is divided by 1426?
1325
What is the remainder when 15165 is divided by 1475?
415
What is the remainder when 682654 is divided by 756?
742
Calculate the remainder when 3272 is divided by 407.
16
What is the remainder when 2639 is divided by 12?
11
What is the remainder when 12363 is divided by 54?
51
Calculate the remainder when 25325 is divided by 1531.
829
What is the remainder when 39340 is divided by 645?
640
Calculate the remainder when 7734 is divided by 10.
4
Calculate the remainder when 26183 is divided by 3719.
150
What is the remainder when 124688 is divided by 124673?
15
Calculate the remainder when 9078 is divided by 8.
6
Calculate the remainder when 1350 is divided by 17.
7
What is the remainder when 9360 is divided by 4?
0
Calculate the remainder when 8599 is divided by 43.
42
Calculate the remainder when 60748 is divided by 231.
226
Calculate the remainder when 4959 is divided by 188.
71
What is the remainder when 65272 is divided by 65250?
22
Calculate the remainder when 153631 is divided by 13.
10
Calculate the remainder when 14304 is divided by 292.
288
Calculate the remainder when 820827 is divided by 130.
7
Calculate the remainder when 3207 is divided by 66.
39
Calculate the remainder when 8801 is divided by 1247.
72
Calculate the remainder when 699319 is divided by 13.
10
What is the remainder when 10774 is divided by 1539?
1
Calculate the remainder when 332844 is divided by 93.
90
What is the remainder when 164157 is divided by 114?
111
Calculate the remainder when 282 is divided by 97.
88
Calculate the remainder when 2925 is divided by 940.
105
Calculate the remainder when 1640 is divided by 525.
65
Calculate the remainder when 270 is divided by 121.
28
What is the remainder when 42863 is divided by 74?
17
Calculate the remainder when 19055 is divided by 3153.
137
Calculate the remainder when 202586 is divided by 18415.
21
Calculate the remainder when 98668 is divided by 56.
52
Calculate the remainder when 45862 is divided by 131.
12
What is the remainder when 3664 is divided by 45?
19
Calculate the remainder when 1296 is divided by 197.
114
Calculate the remainder when 19481 is divided by 6450.
131
Calculate the remainder when 9158 is divided by 9156.
2
What is the remainder when 77341 is divided by 12883?
43
Calculate the remainder when 864035 is divided by 3200.
35
What is the remainder when 246533 is divided by 12975?
8
Calculate the remainder when 11462 is divided by 955.
2
Calculate the remainder when 705776 is divided by 67.
65
Calculate the remainder when 1353 is divided by 29.
19
What is the remainder when 31089 is divided by 14?
9
Calculate the remainder when 19044 is divided by 16.
4
Calculate the remainder when 4843 is divided by 4